{"id":4852,"date":"2021-11-08T18:23:58","date_gmt":"2021-11-08T17:23:58","guid":{"rendered":"https:\/\/www.abram.lu\/?page_id=4852"},"modified":"2022-03-21T15:48:39","modified_gmt":"2022-03-21T14:48:39","slug":"accueil-de","status":"publish","type":"page","link":"https:\/\/www.abram.lu\/de\/accueil-de\/","title":{"rendered":"Accueil DE"},"content":{"rendered":"<section class=\"av_textblock_section \"  itemscope=\"itemscope\" itemtype=\"https:\/\/schema.org\/CreativeWork\" ><div class='avia_textblock  '   itemprop=\"text\" ><h1 style=\"text-align: center;\"><strong>UNDER CONSTRUCTION !<\/strong><\/h1>\n<p>Der Name ABRAM steht f\u00fcr &#8222;Associa\u00e7\u00e3o BRa\u00e7os Abertos ao Mundo&#8220;.<\/p>\n<p>Im Deutschen bedeutet es &#8222;Vereinigung mit offenen Armen f\u00fcr die Welt&#8220;.<\/p>\n<p>Das ist ein seltsamer Name f\u00fcr eine gemeinn\u00fctzige Organisation aus Luxemburg!<\/p>\n<p>Hierf\u00fcr gibt es mehrere Gr\u00fcnde:<\/p>\n<p>1. Wir haben unsere ersten Aktionen in einem portugiesischsprachigen Land, in Brasilien, gestartet.<\/p>\n<p>2. In Luxemburg gibt es eine starke portugiesischsprachige Gemeinschaft, so dass die Sprache nicht mehr wirklich eine Fremdsprache ist.<\/p>\n<p>2. Sowohl im Portugiesischen als auch im Spanischen ist &#8222;Abram!&#8220; die zweite Person Plural des Imperativs des Verbs &#8222;aufmachen&#8220;: &#8222;Mach auf! Unsere Aktion steht unter dem Zeichen der Offenheit.<\/p>\n<p>Offenheit f\u00fcr die Welt, Offenheit f\u00fcr andere, Offenheit des Geistes, Offenheit f\u00fcr das Neue.<\/p>\n<p>3. Abram ist auch der Name des Mannes, der der Ursprung der drei gro\u00dfen Monotheismen ist. Obwohl unsere Vereinigung keinen Anspruch auf Zugeh\u00f6rigkeit zu einer bestimmten Religion erhebt, scheint uns die einende und gr\u00fcndende Figur des Patriarchen inspirierend zu sein. Erstens, weil wir davon \u00fcberzeugt sind, dass die Menschheit viel mehr Gemeinsamkeiten hat als die vielen Bereiche, in denen sie uneins ist. Zweitens, weil, wie das Sprichwort sagt, &#8222;der Glaube Berge versetzt&#8220;. Und jedes Projekt beginnt mit einem Akt des Vertrauens in die Zukunft.<\/p>\n<p>Kurz gesagt, ABRAM ist eine luxemburgische Vereinigung, die f\u00fcr alle Kulturen offen ist und bereit ist, sich f\u00fcr diejenigen einzusetzen, die die Welt von morgen vorbereiten: gerechter, verankerter, respektvoller, verantwortungsvoller&#8230;<span class=\"Apple-converted-space\">\u00a0<\/span><\/p>\n<p>Kurz gesagt, eine offenere Welt!<\/p>\n<\/div><\/section>\n","protected":false},"excerpt":{"rendered":"","protected":false},"author":27,"featured_media":0,"parent":0,"menu_order":0,"comment_status":"closed","ping_status":"closed","template":"","meta":{"footnotes":""},"class_list":["post-4852","page","type-page","status-publish","hentry"],"_links":{"self":[{"href":"https:\/\/www.abram.lu\/de\/wp-json\/wp\/v2\/pages\/4852","targetHints":{"allow":["GET"]}}],"collection":[{"href":"https:\/\/www.abram.lu\/de\/wp-json\/wp\/v2\/pages"}],"about":[{"href":"https:\/\/www.abram.lu\/de\/wp-json\/wp\/v2\/types\/page"}],"author":[{"embeddable":true,"href":"https:\/\/www.abram.lu\/de\/wp-json\/wp\/v2\/users\/27"}],"replies":[{"embeddable":true,"href":"https:\/\/www.abram.lu\/de\/wp-json\/wp\/v2\/comments?post=4852"}],"version-history":[{"count":5,"href":"https:\/\/www.abram.lu\/de\/wp-json\/wp\/v2\/pages\/4852\/revisions"}],"predecessor-version":[{"id":5690,"href":"https:\/\/www.abram.lu\/de\/wp-json\/wp\/v2\/pages\/4852\/revisions\/5690"}],"wp:attachment":[{"href":"https:\/\/www.abram.lu\/de\/wp-json\/wp\/v2\/media?parent=4852"}],"curies":[{"name":"wp","href":"https:\/\/api.w.org\/{rel}","templated":true}]}}

<section class="av_textblock_section "  itemscope="itemscope" itemtype="https://schema.org/CreativeWork" ><div class='avia_textblock  '   itemprop="text" ><h1 style="text-align: center;"><strong>UNDER CONSTRUCTION !</strong></h1>
<p>Der Name ABRAM steht für &#8222;Associação BRaços Abertos ao Mundo&#8220;.</p>
<p>Im Deutschen bedeutet es &#8222;Vereinigung mit offenen Armen für die Welt&#8220;.</p>
<p>Das ist ein seltsamer Name für eine gemeinnützige Organisation aus Luxemburg!</p>
<p>Hierfür gibt es mehrere Gründe:</p>
<p>1. Wir haben unsere ersten Aktionen in einem portugiesischsprachigen Land, in Brasilien, gestartet.</p>
<p>2. In Luxemburg gibt es eine starke portugiesischsprachige Gemeinschaft, so dass die Sprache nicht mehr wirklich eine Fremdsprache ist.</p>
<p>2. Sowohl im Portugiesischen als auch im Spanischen ist &#8222;Abram!&#8220; die zweite Person Plural des Imperativs des Verbs &#8222;aufmachen&#8220;: &#8222;Mach auf! Unsere Aktion steht unter dem Zeichen der Offenheit.</p>
<p>Offenheit für die Welt, Offenheit für andere, Offenheit des Geistes, Offenheit für das Neue.</p>
<p>3. Abram ist auch der Name des Mannes, der der Ursprung der drei großen Monotheismen ist. Obwohl unsere Vereinigung keinen Anspruch auf Zugehörigkeit zu einer bestimmten Religion erhebt, scheint uns die einende und gründende Figur des Patriarchen inspirierend zu sein. Erstens, weil wir davon überzeugt sind, dass die Menschheit viel mehr Gemeinsamkeiten hat als die vielen Bereiche, in denen sie uneins ist. Zweitens, weil, wie das Sprichwort sagt, &#8222;der Glaube Berge versetzt&#8220;. Und jedes Projekt beginnt mit einem Akt des Vertrauens in die Zukunft.</p>
<p>Kurz gesagt, ABRAM ist eine luxemburgische Vereinigung, die für alle Kulturen offen ist und bereit ist, sich für diejenigen einzusetzen, die die Welt von morgen vorbereiten: gerechter, verankerter, respektvoller, verantwortungsvoller&#8230;<span class="Apple-converted-space"> </span></p>
<p>Kurz gesagt, eine offenere Welt!</p>
</div></section>
