{"id":4855,"date":"2021-11-08T18:30:21","date_gmt":"2021-11-08T17:30:21","guid":{"rendered":"https:\/\/www.abram.lu\/?page_id=4855"},"modified":"2022-03-21T15:50:31","modified_gmt":"2022-03-21T14:50:31","slug":"accueil-pt","status":"publish","type":"page","link":"https:\/\/www.abram.lu\/pt\/accueil-pt\/","title":{"rendered":"Accueil PT"},"content":{"rendered":"<h1 style=\"text-align: center;\"><strong>UNDER CONSTRUCTION !<\/strong><\/h1>\n<p>O nome ABRAM significa \u00ab\u00a0Associa\u00e7\u00e3o BRa\u00e7os Abertos ao Mundo\u00a0\u00bb.<\/p>\n<p>Este \u00e9 um nome estranho para uma organiza\u00e7\u00e3o sem fins lucrativos de Luxemburgo!<\/p>\n<p>H\u00e1 v\u00e1rias raz\u00f5es para isso:<\/p>\n<p>1. Iniciamos nossas primeiras a\u00e7\u00f5es em um pa\u00eds de l\u00edngua portuguesa, o Brasil.<\/p>\n<p>2. Luxemburgo tem uma forte comunidade de l\u00edngua portuguesa, portanto n\u00e3o \u00e9 mais realmente uma l\u00edngua estrangeira.<\/p>\n<p>2. Tanto em portugu\u00eas quanto em espanhol, \u00ab\u00a0Abram!\u00a0\u00bb \u00e9 a segunda pessoa no plural do presente do imperativo do verbo \u00ab\u00a0abrir\u00a0\u00bb: \u00ab\u00a0Abram!\u00a0\u00bb Nossa a\u00e7\u00e3o est\u00e1 sob o signo da abertura.<\/p>\n<p>Abertura ao mundo, abertura aos outros, abertura da mente, abertura para o novo.<\/p>\n<p>3. Abram \u00e9 tamb\u00e9m o nome do homem que est\u00e1 na origem dos tr\u00eas grandes monote\u00edsmos. Embora nossa associa\u00e7\u00e3o n\u00e3o afirme pertencer a nenhuma religi\u00e3o em particular, a figura unificadora e fundadora do patriarca nos parece inspiradora. Primeiro, porque estamos convencidos de que a humanidade tem muito mais em comum do que suas muitas \u00e1reas de disc\u00f3rdia. Em segundo lugar, porque, como diz o ditado, &#8220;a f\u00e9 move montanhas&#8221;. E todo projeto come\u00e7a com um ato de f\u00e9 no futuro.<\/p>\n<p>Em suma, a ABRAM \u00e9 uma associa\u00e7\u00e3o luxemburguesa aberta a todas as culturas e disposta a implantar sua a\u00e7\u00e3o em favor daqueles que preparam o mundo de amanh\u00e3: mais justa, mais fundamentada, mais respeitosa, mais respons\u00e1vel&#8230;<span class=\"Apple-converted-space\">\u00a0<\/span><\/p>\n<p>Em resumo, um mundo mais aberto!<\/p>\n","protected":false},"excerpt":{"rendered":"<p>UNDER CONSTRUCTION ! O nome ABRAM significa \u00ab\u00a0Associa\u00e7\u00e3o BRa\u00e7os Abertos ao Mundo\u00a0\u00bb. Este \u00e9 um nome estranho para uma organiza\u00e7\u00e3o sem fins lucrativos de Luxemburgo! H\u00e1 v\u00e1rias raz\u00f5es para isso: [&hellip;]<\/p>\n","protected":false},"author":27,"featured_media":0,"parent":0,"menu_order":0,"comment_status":"closed","ping_status":"closed","template":"","meta":{"footnotes":""},"class_list":["post-4855","page","type-page","status-publish","hentry"],"_links":{"self":[{"href":"https:\/\/www.abram.lu\/pt\/wp-json\/wp\/v2\/pages\/4855","targetHints":{"allow":["GET"]}}],"collection":[{"href":"https:\/\/www.abram.lu\/pt\/wp-json\/wp\/v2\/pages"}],"about":[{"href":"https:\/\/www.abram.lu\/pt\/wp-json\/wp\/v2\/types\/page"}],"author":[{"embeddable":true,"href":"https:\/\/www.abram.lu\/pt\/wp-json\/wp\/v2\/users\/27"}],"replies":[{"embeddable":true,"href":"https:\/\/www.abram.lu\/pt\/wp-json\/wp\/v2\/comments?post=4855"}],"version-history":[{"count":6,"href":"https:\/\/www.abram.lu\/pt\/wp-json\/wp\/v2\/pages\/4855\/revisions"}],"predecessor-version":[{"id":5154,"href":"https:\/\/www.abram.lu\/pt\/wp-json\/wp\/v2\/pages\/4855\/revisions\/5154"}],"wp:attachment":[{"href":"https:\/\/www.abram.lu\/pt\/wp-json\/wp\/v2\/media?parent=4855"}],"curies":[{"name":"wp","href":"https:\/\/api.w.org\/{rel}","templated":true}]}}

<h1 style="text-align: center;"><strong>UNDER CONSTRUCTION !</strong></h1>
<p>O nome ABRAM significa « Associação BRaços Abertos ao Mundo ».</p>
<p>Este é um nome estranho para uma organização sem fins lucrativos de Luxemburgo!</p>
<p>Há várias razões para isso:</p>
<p>1. Iniciamos nossas primeiras ações em um país de língua portuguesa, o Brasil.</p>
<p>2. Luxemburgo tem uma forte comunidade de língua portuguesa, portanto não é mais realmente uma língua estrangeira.</p>
<p>2. Tanto em português quanto em espanhol, « Abram! » é a segunda pessoa no plural do presente do imperativo do verbo « abrir »: « Abram! » Nossa ação está sob o signo da abertura.</p>
<p>Abertura ao mundo, abertura aos outros, abertura da mente, abertura para o novo.</p>
<p>3. Abram é também o nome do homem que está na origem dos três grandes monoteísmos. Embora nossa associação não afirme pertencer a nenhuma religião em particular, a figura unificadora e fundadora do patriarca nos parece inspiradora. Primeiro, porque estamos convencidos de que a humanidade tem muito mais em comum do que suas muitas áreas de discórdia. Em segundo lugar, porque, como diz o ditado, &#8220;a fé move montanhas&#8221;. E todo projeto começa com um ato de fé no futuro.</p>
<p>Em suma, a ABRAM é uma associação luxemburguesa aberta a todas as culturas e disposta a implantar sua ação em favor daqueles que preparam o mundo de amanhã: mais justa, mais fundamentada, mais respeitosa, mais responsável&#8230;<span class="Apple-converted-space"> </span></p>
<p>Em resumo, um mundo mais aberto!</p>

<p>UNDER CONSTRUCTION ! O nome ABRAM significa « Associação BRaços Abertos ao Mundo ». Este é um nome estranho para uma organização sem fins lucrativos de Luxemburgo! Há várias razões para isso: [&hellip;]</p>
